33
What is the remainder when 948723 is divided by 189741?
18
Calculate the remainder when 1008567 is divided by 2940.
147
Calculate the remainder when 250082 is divided by 250000.
82
What is the remainder when 8403577 is divided by 1680713?
12
What is the remainder when 31233 is divided by 7694?
457
What is the remainder when 386727 is divided by 11374?
11
Calculate the remainder when 4172076 is divided by 75838.
986
What is the remainder when 117063 is divided by 5841?
243
What is the remainder when 88222030 is divided by 165?
160
Calculate the remainder when 5221368 is divided by 4092.
4068
Calculate the remainder when 39010571 is divided by 30477.
11
Calculate the remainder when 9556734 is divided by 2150.
2134
Calculate the remainder when 163182 is divided by 874.
618
What is the remainder when 9844109 is divided by 5284?
17
What is the remainder when 74965 is divided by 2603?
2081
Calculate the remainder when 564242 is divided by 287.
0
Calculate the remainder when 2400340 is divided by 3786.
16
What is the remainder when 2396 is divided by 18?
2
Calculate the remainder when 45658759 is divided by 116.
115
What is the remainder when 175580 is divided by 175297?
283
Calculate the remainder when 555747 is divided by 1437.
1065
What is the remainder when 1937972 is divided by 1937968?
4
Calculate the remainder when 1413816523 is divided by 675.
673
Calculate the remainder when 54392 is divided by 53812.
580
What is the remainder when 1526435 is divided by 44895?
5
What is the remainder when 226246 is divided by 7515?
796
What is the remainder when 1569120 is divided by 238?
224
Calculate the remainder when 11876895 is divided by 1065.
15
Calculate the remainder when 3047271 is divided by 30.
21
Calculate the remainder when 23485 is divided by 785.
720
Calculate the remainder when 7515559 is divided by 1878830.
239
What is the remainder when 2244358269 is divided by 78?
75
What is the remainder when 41950357 is divided by 184?
13
What is the remainder when 36519 is divided by 17974?
571
What is the remainder when 2945180 is divided by 59?
18
Calculate the remainder when 1178562 is divided by 392820.
102
Calculate the remainder when 74192546 is divided by 1958.
10
What is the remainder when 18796803 is divided by 17?
5
What is the remainder when 571151304 is divided by 922700?
4
What is the remainder when 722174 is divided by 22137?
13790
Calculate the remainder when 160986 is divided by 12318.
852
Calculate the remainder when 4260456 is divided by 10072.
0
What is the remainder when 270432 is divided by 522?
36
Calculate the remainder when 308105 is divided by 13393.
66
Calculate the remainder when 249796 is divided by 11752.
3004
Calculate the remainder when 807588 is divided by 14149.
1095
Calculate the remainder when 4271184 is divided by 572.
60
What is the remainder when 2180010 is divided by 11978?
14
What is the remainder when 125908 is divided by 41916?
160
Calculate the remainder when 120047 is divided by 44.
15
Calculate the remainder when 895538 is divided by 33.
17
What is the remainder when 473727 is divided by 5434?
969
What is the remainder when 442875 is divided by 123?
75
What is the remainder when 17127 is divided by 2369?
544
Calculate the remainder when 89042 is divided by 1003.
778
Calculate the remainder when 12563802 is divided by 19.
14
What is the remainder when 4156066 is divided by 778?
768
Calculate the remainder when 883052 is divided by 3423.
3341
What is the remainder when 5391697 is divided by 47?
45
What is the remainder when 224915 is divided by 1229?
8
Calculate the remainder when 50778 is divided by 114.
48
Calculate the remainder when 30605149 is divided by 7651248.
157
Calculate the remainder when 125526 is divided by 25102.
16
What is the remainder when 14641844 is divided by 931?
7
What is the remainder when 222230 is divided by 22221?
20
What is the remainder when 190528 is divided by 2195?
1758
Calculate the remainder when 15443016 is divided by 241297.
8
What is the remainder when 884258 is divided by 16?
2
Calculate the remainder when 986365 is divided by 2497.
50
What is the remainder when 29656 is divided by 54?
10
What is the remainder when 1612951 is divided by 1360?
1351
What is the remainder when 291805 is divided by 770?
745
What is the remainder when 7652 is divided by 6578?
1074
What is the remainder when 316366 is divided by 105188?
802
Calculate the remainder when 1544193 is divided by 4500.
693
Calculate the remainder when 391128 is divided by 35553.
45
Calculate the remainder when 596926 is divided by 224.
190
Calculate the remainder when 78379 is divided by 670.
659
What is the remainder when 27784174 is divided by 31?
21
What is the remainder when 117501 is divided by 58738?
25
Calculate the remainder when 2695786 is divided by 4054.
3930
What is the remainder when 17310604 is divided by 1313?
12
What is the remainder when 7139710 is divided by 2379897?
19
What is the remainder when 8079817 is divided by 2019950?
17
Calculate the remainder when 3518027 is divided by 38239.
39
What is the remainder when 35333831 is divided by 348?
347
What is the remainder when 40024826 is divided by 2223600?
26
Calculate the remainder when 46610044 is divided by 126.
124
Calculate the remainder when 87883814 is divided by 173.
160
Calculate the remainder when 9196 is divided by 2530.
1606
Calculate the remainder when 1155977 is divided by 9846.
3995
What is the remainder when 345223247 is divided by 17?
14
Calculate the remainder when 1403 is divided by 58.
11
What is the remainder when 18145489 is divided by 36881?
37
What is the remainder when 443668 is divided by 147504?
1156
Calculate the remainder when 2989868 is divided by 3863.
3769
Calculate the remainder when 202644 is divided by 3070.
24
Calculate the remainder when 16326703 is divided by 1632670.
3
What is the remainder when 71616 is divided by 29?
15
Calculate the remainder when 1364379 is divided by 229.
226
What is the remainder when 578820 is divided by 144334?
1484
What is the remainder when 772092418 is divided by 11?
9
What is the remainder when 243024 is divided by 2?
0
What is the remainder when 25425649 is divided by 18305?
4
Calculate the remainder when 3398710 is divided by 662.
2
Calculate the remainder when 640745 is divided by 250.
245
What is the remainder when 22837 is divided by 356?
53
Calculate the remainder when 123333747 is divided by 3462.
3459
What is the remainder when 42698273 is divided by 81?
14
What is the remainder when 158991 is divided by 157848?
1143
Calculate the remainder when 15931546 is divided by 885085.
16
What is the remainder when 1753265 is divided by 652?
37
What is the remainder when 468673 is divided by 234234?
205
What is the remainder when 722067 is divided by 36099?
87
Calculate the remainder when 1529837 is divided by 4320.
557
Calculate the remainder when 9764794 is divided by 2340.
2314
What is the remainder when 440397 is divided by 39980?
617
Calculate the remainder when 8353 is divided by 41.
30
What is the remainder when 13234942 is divided by 3308733?
10
Calculate the remainder when 11130027 is divided by 33933.
3
What is the remainder when 304224 is divided by 12104?
1624
What is the remainder when 1286674 is divided by 214415?
184
What is the remainder when 22478 is divided by 5597?
90
Calculate the remainder when 63091 is divided by 551.
277
What is the remainder when 1318021 is divided by 131801?
11
What is the remainder when 20469 is divided by 20462?
7
What is the remainder when 531461 is divided by 384?
5
Calculate the remainder when 44380441 is divided by 8876085.
16
Calculate the remainder when 10801368 is divided by 249.
246
What is the remainder when 241726 is divided by 130?
56
What is the remainder when 91189 is divided by 738?
415
Calculate the remainder when 9303241 is divided by 31324.
13
Calculate the remainder when 841847 is divided by 420920.
7
Calculate the remainder when 296589 is divided by 44.
29
Calculate the remainder when 6638970 is divided by 1327794.
0
Calculate the remainder when 13985185 is divided by 4661673.
166
Calculate the remainder when 448800 is divided by 855.
780
What is the remainder when 992322 is divided by 239?
233
What is the remainder 